{"id":3653,"date":"2024-06-19T17:08:18","date_gmt":"2024-06-19T17:08:18","guid":{"rendered":"https:\/\/rukapewma.cl\/EGIS\/?page_id=3653"},"modified":"2025-07-17T21:10:50","modified_gmt":"2025-07-17T21:10:50","slug":"proyectos-de-integracion-social","status":"publish","type":"page","link":"https:\/\/rukapewma.cl\/EGIS\/proyectos-de-integracion-social\/","title":{"rendered":"Proyectos de Integraci\u00f3n Social"},"content":{"rendered":"\t\t<div data-elementor-type=\"wp-post\" data-elementor-id=\"3653\" class=\"elementor elementor-3653\" data-elementor-post-type=\"page\">\n\t\t\t\t<div class=\"elementor-element elementor-element-36e4911 e-flex e-con-boxed e-con e-parent\" data-id=\"36e4911\" data-element_type=\"container\" data-settings=\"{&quot;background_background&quot;:&quot;classic&quot;}\" data-core-v316-plus=\"true\">\n\t\t\t\t\t<div class=\"e-con-inner\">\n\t\t\t\t\t<\/div>\n\t\t\t\t<\/div>\n\t\t<div class=\"elementor-element elementor-element-051f4b1 e-con-full e-flex e-con e-parent\" data-id=\"051f4b1\" data-element_type=\"container\" data-settings=\"{&quot;background_background&quot;:&quot;classic&quot;}\" data-core-v316-plus=\"true\">\n\t\t<div class=\"elementor-element elementor-element-8d332cf e-con-full e-flex e-con e-child\" data-id=\"8d332cf\" data-element_type=\"container\">\n\t\t\t\t<div class=\"elementor-element elementor-element-4bf79de elementor-widget elementor-widget-heading\" data-id=\"4bf79de\" data-element_type=\"widget\" data-widget_type=\"heading.default\">\n\t\t\t\t<div class=\"elementor-widget-container\">\n\t\t\t<style>\/*! elementor - v3.20.0 - 13-03-2024 *\/\n.elementor-heading-title{padding:0;margin:0;line-height:1}.elementor-widget-heading .elementor-heading-title[class*=elementor-size-]>a{color:inherit;font-size:inherit;line-height:inherit}.elementor-widget-heading .elementor-heading-title.elementor-size-small{font-size:15px}.elementor-widget-heading .elementor-heading-title.elementor-size-medium{font-size:19px}.elementor-widget-heading .elementor-heading-title.elementor-size-large{font-size:29px}.elementor-widget-heading .elementor-heading-title.elementor-size-xl{font-size:39px}.elementor-widget-heading .elementor-heading-title.elementor-size-xxl{font-size:59px}<\/style><h2 class=\"elementor-heading-title elementor-size-default\">Proyectos de Integraci\u00f3n Social<\/h2>\t\t<\/div>\n\t\t\t\t<\/div>\n\t\t\t\t<\/div>\n\t\t\t\t<\/div>\n\t\t<div class=\"elementor-element elementor-element-ac29023 e-flex e-con-boxed e-con e-parent\" data-id=\"ac29023\" data-element_type=\"container\" data-settings=\"{&quot;background_background&quot;:&quot;classic&quot;}\" data-core-v316-plus=\"true\">\n\t\t\t\t\t<div class=\"e-con-inner\">\n\t\t\t\t<div class=\"elementor-element elementor-element-dcedaf0 elementor-widget elementor-widget-heading\" data-id=\"dcedaf0\" data-element_type=\"widget\" data-widget_type=\"heading.default\">\n\t\t\t\t<div class=\"elementor-widget-container\">\n\t\t\t<div class=\"elementor-heading-title elementor-size-default\">El Decreto Supremo N\u00b0 19 de 2016 del MINVU regula el Programa de Integraci\u00f3n Social y Territorial (PIS), una iniciativa del gobierno que facilita la adquisici\u00f3n de viviendas con subsidios dirigidos a los sectores m\u00e1s vulnerables y de clase media. Rukapewma, como Prestadora de Servicios de Asistencia T\u00e9cnica (PSAT), colabora con las inmobiliarias para cumplir con las exigencias de SERVIU\/MINVU, garantizando un acompa\u00f1amiento socioeducativo que promueva la integraci\u00f3n social. Este acompa\u00f1amiento se lleva a cabo a trav\u00e9s de diversas actividades, tales como asambleas comunitarias, visitas a la obra, talleres sobre el uso y mantenimiento de viviendas y equipamiento, entrega de manuales de mantenimiento, reuniones con la directiva del comit\u00e9 de administraci\u00f3n, y talleres sobre derechos y deberes de propietarios y copropietarios, as\u00ed como la presentaci\u00f3n de la Ley de Copropiedad Inmobiliaria. Adem\u00e1s, se realiza un levantamiento de informaci\u00f3n sobre temas de inter\u00e9s para las familias y se organizan actividades l\u00fadico-recreativas y talleres sobre redes comunitarias.Rukapewma act\u00faa como una Prestadora de Servicios de Asistencia T\u00e9cnica (PSAT) dentro del marco del D.S.N\u00b0 19. En este contexto, la PSAT colabora con las entidades desarrolladoras, que son las inmobiliarias encargadas de llevar a cabo los proyectos.\nEl PIS permite que las personas de sectores vulnerables accedan a un est\u00e1ndar de vida superior al que habitualmente tendr\u00edan. Los departamentos entregados bajo este programa cuentan con caracter\u00edsticas y equipamientos superiores a los de los condominios sociales tradicionales, comparados a los proyectos que entrega el D.S. 19\nLas PSAT, como Rukapewma, tienen la responsabilidad de asistir t\u00e9cnicamente a las entidades desarrolladoras en el cumplimiento de ciertas actividades m\u00ednimas exigidas por SERVIU.<\/div>\t\t<\/div>\n\t\t\t\t<\/div>\n\t\t\t\t\t<\/div>\n\t\t\t\t<\/div>\n\t\t<div class=\"elementor-element elementor-element-cce394c e-grid e-con-boxed e-con e-parent\" data-id=\"cce394c\" data-element_type=\"container\" data-settings=\"{&quot;background_background&quot;:&quot;classic&quot;}\" data-core-v316-plus=\"true\">\n\t\t\t\t\t<div class=\"e-con-inner\">\n\t\t\t\t<div class=\"elementor-element elementor-element-960889c elementor-cta--layout-image-above elementor-cta--valign-middle elementor-cta--skin-classic elementor-animated-content elementor-bg-transform elementor-bg-transform-zoom-in elementor-widget elementor-widget-call-to-action\" data-id=\"960889c\" data-element_type=\"widget\" data-widget_type=\"call-to-action.default\">\n\t\t\t\t<div class=\"elementor-widget-container\">\n\t\t\t<link rel=\"stylesheet\" href=\"https:\/\/rukapewma.cl\/EGIS\/wp-content\/plugins\/pro-elements\/assets\/css\/widget-call-to-action.min.css\">\t\t<a class=\"elementor-cta\" href=\"https:\/\/rukapewma.cl\/EGIS\/los-volcanes-2\">\n\t\t\t\t\t<div class=\"elementor-cta__bg-wrapper\">\n\t\t\t\t<div class=\"elementor-cta__bg elementor-bg lazyload\" style=\"background-image:inherit;\" role=\"img\" aria-label=\"WhatsApp Image 2019-04-11 at 11.07.03\" data-bg-image=\"url(https:\/\/rukapewma.cl\/EGIS\/wp-content\/uploads\/2024\/08\/WhatsApp-Image-2019-04-11-at-11.07.03-1024x768.jpeg)\"><\/div>\n\t\t\t\t<div class=\"elementor-cta__bg-overlay\"><\/div>\n\t\t\t<\/div>\n\t\t\t\t\t\t\t<div class=\"elementor-cta__content\">\n\t\t\t\t\n\t\t\t\t\t\t\t\t\t<h3 class=\"elementor-cta__title elementor-cta__content-item elementor-content-item\">\n\t\t\t\t\t\tCondominio Los Volcanes\t\t\t\t\t<\/h3>\n\t\t\t\t\n\t\t\t\t\t\t\t\t\t<div class=\"elementor-cta__description elementor-cta__content-item elementor-content-item\">\n\t\t\t\t\t\tUbicado en la ciudad de Puerto Montt, este condominio ofrece acogedores departamentos de tres dormitorios y cuenta con una plaza con juegos infantiles de calidad, quincho y local comercial exterior. Pr\u00f3ximo a la estaci\u00f3n de trenes, supermercados, centros comerciales y el cuerpo de bomberos, el proyecto garantiza seguridad con conserjer\u00eda 24 horas, accesos controlados y cit\u00f3fono a porter\u00eda.\nEl proyecto fue destinado a un 27% de familias de sectores vulnerables que buscan una vivienda de calidad a un precio accesible. El equipamiento comunitario se establece contemplando el encuentro social en l\u00ednea con la Pol\u00edtica Habitacional de Integraci\u00f3n, que busca reducir el d\u00e9ficit habitacional y la inequidad, promoviendo la integraci\u00f3n social.\t\t\t\t\t<\/div>\n\t\t\t\t\n\t\t\t\t\t\t\t<\/div>\n\t\t\t\t\t\t\t<div class=\"elementor-ribbon\">\n\t\t\t\t<div class=\"elementor-ribbon-inner\">Ejecutado<\/div>\n\t\t\t<\/div>\n\t\t\t\t<\/a>\n\t\t\t\t<\/div>\n\t\t\t\t<\/div>\n\t\t\t\t<div class=\"elementor-element elementor-element-ac3e1a5 elementor-cta--layout-image-above elementor-cta--valign-middle elementor-cta--skin-classic elementor-animated-content elementor-bg-transform elementor-bg-transform-zoom-in elementor-widget elementor-widget-call-to-action\" data-id=\"ac3e1a5\" data-element_type=\"widget\" data-widget_type=\"call-to-action.default\">\n\t\t\t\t<div class=\"elementor-widget-container\">\n\t\t\t\t\t<a class=\"elementor-cta\" href=\"https:\/\/rukapewma.cl\/EGIS\/los-pinos-los-alamos\/\">\n\t\t\t\t\t<div class=\"elementor-cta__bg-wrapper\">\n\t\t\t\t<div class=\"elementor-cta__bg elementor-bg lazyload\" style=\"background-image:inherit;\" role=\"img\" aria-label=\"DSC_0549 (2)\" data-bg-image=\"url(https:\/\/rukapewma.cl\/EGIS\/wp-content\/uploads\/2024\/04\/DSC_0549-2-1024x683.jpg)\"><\/div>\n\t\t\t\t<div class=\"elementor-cta__bg-overlay\"><\/div>\n\t\t\t<\/div>\n\t\t\t\t\t\t\t<div class=\"elementor-cta__content\">\n\t\t\t\t\n\t\t\t\t\t\t\t\t\t<h3 class=\"elementor-cta__title elementor-cta__content-item elementor-content-item\">\n\t\t\t\t\t\tCondominio Los Pinos y Los \u00c1lamos \t\t\t\t\t<\/h3>\n\t\t\t\t\n\t\t\t\t\t\t\t\t\t<div class=\"elementor-cta__description elementor-cta__content-item elementor-content-item\">\n\t\t\t\t\t\tEl conjunto habitacional Jardines de Alvarado II en Santiago, situado en la comuna de Independencia, alberga 2 proyectos: Los Pinos y Los \u00c1lamos. \u00c9stos brindan soluci\u00f3n al problema habitacional para 256 familias, 52 de ellas en situaci\u00f3n de vulnerabilidad. Cada proyecto est\u00e1 conformado por dos torres de 6 pisos cada una e incluye \u00e1reas de juegos, espacios de uso m\u00faltiple, quincho, lavander\u00eda y zonas exteriores con riego eficiente. Todo, enfocado a fomentar la integraci\u00f3n de los habitantes.\nLos departamentos, de entre 46 y 52 m\u00b2, cuentan con 2 dormitorios + 1 ba\u00f1o, adem\u00e1s de destacar por su estructura de hormig\u00f3n armado y ventanas de termopanel.\t\t\t\t\t<\/div>\n\t\t\t\t\n\t\t\t\t\t\t\t<\/div>\n\t\t\t\t\t\t\t<div class=\"elementor-ribbon\">\n\t\t\t\t<div class=\"elementor-ribbon-inner\">Ejecutado<\/div>\n\t\t\t<\/div>\n\t\t\t\t<\/a>\n\t\t\t\t<\/div>\n\t\t\t\t<\/div>\n\t\t\t\t<div class=\"elementor-element elementor-element-891dbd0 elementor-cta--layout-image-above elementor-cta--valign-middle elementor-cta--skin-classic elementor-animated-content elementor-bg-transform elementor-bg-transform-zoom-in elementor-widget elementor-widget-call-to-action\" data-id=\"891dbd0\" data-element_type=\"widget\" data-widget_type=\"call-to-action.default\">\n\t\t\t\t<div class=\"elementor-widget-container\">\n\t\t\t\t\t<a class=\"elementor-cta\" href=\"https:\/\/rukapewma.cl\/EGIS\/condominio-brisas-de-quilicura\">\n\t\t\t\t\t<div class=\"elementor-cta__bg-wrapper\">\n\t\t\t\t<div class=\"elementor-cta__bg elementor-bg lazyload\" style=\"background-image:inherit;\" role=\"img\" aria-label=\"IMG-70\" data-bg-image=\"url(https:\/\/rukapewma.cl\/EGIS\/wp-content\/uploads\/2024\/08\/IMG-70-1024x683.jpg)\"><\/div>\n\t\t\t\t<div class=\"elementor-cta__bg-overlay\"><\/div>\n\t\t\t<\/div>\n\t\t\t\t\t\t\t<div class=\"elementor-cta__content\">\n\t\t\t\t\n\t\t\t\t\t\t\t\t\t<h3 class=\"elementor-cta__title elementor-cta__content-item elementor-content-item\">\n\t\t\t\t\t\tCondominio <br>Brisas de Quilicura\t\t\t\t\t<\/h3>\n\t\t\t\t\n\t\t\t\t\t\t\t\t\t<div class=\"elementor-cta__description elementor-cta__content-item elementor-content-item\">\n\t\t\t\t\t\tEl proyecto Brisas de Quilicura, ubicado en Av. Am\u00e9rico Vespucio 1450, entreg\u00f3 una soluci\u00f3n habitacional a 243 familias, 49 de las cuales est\u00e1n en situaci\u00f3n de vulnerabilidad. Conformado por dos torres de 4 pisos, el proyecto ofrece \u00e1reas de juegos, espacios m\u00faltiples, piscina y zonas exteriores con riego eficiente para promover la integraci\u00f3n de los habitantes. Los departamentos, de 30,6 a 52,1 m\u00b2, tienen 2 dormitorios y 1 ba\u00f1o, y destacan por su aislaci\u00f3n t\u00e9rmica, termo panel y planchas de poliestireno expandido en los muros perimetrales.\t\t\t\t\t<\/div>\n\t\t\t\t\n\t\t\t\t\t\t\t<\/div>\n\t\t\t\t\t\t\t<div class=\"elementor-ribbon\">\n\t\t\t\t<div class=\"elementor-ribbon-inner\">Ejecutado<\/div>\n\t\t\t<\/div>\n\t\t\t\t<\/a>\n\t\t\t\t<\/div>\n\t\t\t\t<\/div>\n\t\t\t\t\t<\/div>\n\t\t\t\t<\/div>\n\t\t<div class=\"elementor-element elementor-element-a4bfb7a e-grid e-con-boxed e-con e-parent\" data-id=\"a4bfb7a\" data-element_type=\"container\" data-settings=\"{&quot;background_background&quot;:&quot;classic&quot;}\" data-core-v316-plus=\"true\">\n\t\t\t\t\t<div class=\"e-con-inner\">\n\t\t\t\t<div class=\"elementor-element elementor-element-1068ab9 elementor-cta--layout-image-above elementor-cta--valign-middle elementor-cta--skin-classic elementor-animated-content elementor-bg-transform elementor-bg-transform-zoom-in elementor-widget elementor-widget-call-to-action\" data-id=\"1068ab9\" data-element_type=\"widget\" data-widget_type=\"call-to-action.default\">\n\t\t\t\t<div class=\"elementor-widget-container\">\n\t\t\t\t\t<a class=\"elementor-cta\" href=\"https:\/\/rukapewma.cl\/EGIS\/condominio-araucaria-i\/\">\n\t\t\t\t\t<div class=\"elementor-cta__bg-wrapper\">\n\t\t\t\t<div class=\"elementor-cta__bg elementor-bg lazyload\" style=\"background-image:inherit;\" role=\"img\" aria-label=\"IMG-52\" data-bg-image=\"url(https:\/\/rukapewma.cl\/EGIS\/wp-content\/uploads\/2024\/08\/IMG-52-1024x683.jpg)\"><\/div>\n\t\t\t\t<div class=\"elementor-cta__bg-overlay\"><\/div>\n\t\t\t<\/div>\n\t\t\t\t\t\t\t<div class=\"elementor-cta__content\">\n\t\t\t\t\n\t\t\t\t\t\t\t\t\t<h3 class=\"elementor-cta__title elementor-cta__content-item elementor-content-item\">\n\t\t\t\t\t\tCondominio Araucaria I\t\t\t\t\t<\/h3>\n\t\t\t\t\n\t\t\t\t\t\t\t\t\t<div class=\"elementor-cta__description elementor-cta__content-item elementor-content-item\">\n\t\t\t\t\t\tEl proyecto habitacional, ubicado en Santiago, est\u00e1 dise\u00f1ado para 139 familias, 28 de ellas en condici\u00f3n de vulnerabilidad y se compone de una torre de 6 pisos con \u00e1reas de juegos, espacios m\u00faltiples, piscina, quincho, m\u00e1quinas de ejercicios y zonas exteriores con riego eficiente. Los departamentos, de 30 a 52 m\u00b2, cuentan con 2 dormitorios, 1 ba\u00f1o, ventanas de termopanel y muros de panel yeso cart\u00f3n.\t\t\t\t\t<\/div>\n\t\t\t\t\n\t\t\t\t\t\t\t<\/div>\n\t\t\t\t\t\t\t<div class=\"elementor-ribbon\">\n\t\t\t\t<div class=\"elementor-ribbon-inner\">Ejecutado<\/div>\n\t\t\t<\/div>\n\t\t\t\t<\/a>\n\t\t\t\t<\/div>\n\t\t\t\t<\/div>\n\t\t\t\t<div class=\"elementor-element elementor-element-87d1a26 elementor-cta--layout-image-above elementor-cta--valign-middle elementor-cta--skin-classic elementor-animated-content elementor-bg-transform elementor-bg-transform-zoom-in elementor-widget elementor-widget-call-to-action\" data-id=\"87d1a26\" data-element_type=\"widget\" data-widget_type=\"call-to-action.default\">\n\t\t\t\t<div class=\"elementor-widget-container\">\n\t\t\t\t\t<a class=\"elementor-cta\" href=\"https:\/\/rukapewma.cl\/EGIS\/condominio-araucaria-ii\">\n\t\t\t\t\t<div class=\"elementor-cta__bg-wrapper\">\n\t\t\t\t<div class=\"elementor-cta__bg elementor-bg lazyload\" style=\"background-image:inherit;\" role=\"img\" aria-label=\"IMG-158\" data-bg-image=\"url(https:\/\/rukapewma.cl\/EGIS\/wp-content\/uploads\/2024\/08\/IMG-158-1024x683.jpg)\"><\/div>\n\t\t\t\t<div class=\"elementor-cta__bg-overlay\"><\/div>\n\t\t\t<\/div>\n\t\t\t\t\t\t\t<div class=\"elementor-cta__content\">\n\t\t\t\t\n\t\t\t\t\t\t\t\t\t<h3 class=\"elementor-cta__title elementor-cta__content-item elementor-content-item\">\n\t\t\t\t\t\tCondominio Araucaria II\t\t\t\t\t<\/h3>\n\t\t\t\t\n\t\t\t\t\t\t\t\t\t<div class=\"elementor-cta__description elementor-cta__content-item elementor-content-item\">\n\t\t\t\t\t\tEl proyecto habitacional, compuesto por una torre de 6 pisos con 28 viviendas para familias vulnerables y 111 para familias de sectores medios, incluye piscina, \u00e1reas de juegos inclusivos, espacios de usos m\u00faltiples, quincho y \u00e1reas exteriores con riego eficiente. El edificio de hormig\u00f3n armado cuenta con ventanas de termopanel y muros perimetrales con EIFS.Los departamentos, de entre 46 y 52 m\u00b2, cuentan con 2 dormitorios + 1 ba\u00f1o, adem\u00e1s de destacar por su estructura de hormig\u00f3n armado y ventanas de termopanel.\t\t\t\t\t<\/div>\n\t\t\t\t\n\t\t\t\t\t\t\t<\/div>\n\t\t\t\t\t\t\t<div class=\"elementor-ribbon\">\n\t\t\t\t<div class=\"elementor-ribbon-inner\">Ejecutado<\/div>\n\t\t\t<\/div>\n\t\t\t\t<\/a>\n\t\t\t\t<\/div>\n\t\t\t\t<\/div>\n\t\t\t\t<div class=\"elementor-element elementor-element-475ea7a elementor-cta--layout-image-above elementor-cta--valign-middle elementor-cta--skin-classic elementor-animated-content elementor-bg-transform elementor-bg-transform-zoom-in elementor-widget elementor-widget-call-to-action\" data-id=\"475ea7a\" data-element_type=\"widget\" data-widget_type=\"call-to-action.default\">\n\t\t\t\t<div class=\"elementor-widget-container\">\n\t\t\t\t\t<a class=\"elementor-cta\" href=\"https:\/\/rukapewma.cl\/EGIS\/condominio-presidente-prieto\">\n\t\t\t\t\t<div class=\"elementor-cta__bg-wrapper\">\n\t\t\t\t<div class=\"elementor-cta__bg elementor-bg lazyload\" style=\"background-image:inherit;\" role=\"img\" aria-label=\"IMG_8409\" data-bg-image=\"url(https:\/\/rukapewma.cl\/EGIS\/wp-content\/uploads\/2024\/08\/IMG_8409-1024x683.jpg)\"><\/div>\n\t\t\t\t<div class=\"elementor-cta__bg-overlay\"><\/div>\n\t\t\t<\/div>\n\t\t\t\t\t\t\t<div class=\"elementor-cta__content\">\n\t\t\t\t\n\t\t\t\t\t\t\t\t\t<h3 class=\"elementor-cta__title elementor-cta__content-item elementor-content-item\">\n\t\t\t\t\t\tCondominio Presidente Prieto\t\t\t\t\t<\/h3>\n\t\t\t\t\n\t\t\t\t\t\t\t\t\t<div class=\"elementor-cta__description elementor-cta__content-item elementor-content-item\">\n\t\t\t\t\t\tEl proyecto habitacional ubicado en Calle Vecinal N\u00b0 2480, Pedro Aguirre Cerda, se encuentra cercano a todos los servicios y comercios, como tiendas, servicios de salud y servicios p\u00fablicos, proporcionando una excelente conectividad y accesibilidad para los residentes. \n\nEste proyecto se desarrolla en el contexto de la pandemia, por lo que se tomaron medidas como realizar las actividades de manera remota cuando las familias tuvieran acceso a internet, para mantener resguardada e \u00edntegra la salud de grupos de riesgo, y actividades presenciales tomando todas las medidas de prevenci\u00f3n necesarias.\t\t\t\t\t<\/div>\n\t\t\t\t\n\t\t\t\t\t\t\t<\/div>\n\t\t\t\t\t\t\t<div class=\"elementor-ribbon\">\n\t\t\t\t<div class=\"elementor-ribbon-inner\">Ejecutado<\/div>\n\t\t\t<\/div>\n\t\t\t\t<\/a>\n\t\t\t\t<\/div>\n\t\t\t\t<\/div>\n\t\t\t\t\t<\/div>\n\t\t\t\t<\/div>\n\t\t\t\t<\/div>\n\t\t","protected":false},"excerpt":{"rendered":"<p>Proyectos de Integraci\u00f3n Social El Decreto Supremo N\u00b0 19 de 2016 del MINVU regula el Programa de Integraci\u00f3n Social y Territorial (PIS), una iniciativa del gobierno que facilita la adquisici\u00f3n de viviendas con subsidios dirigidos a los sectores m\u00e1s vulnerables y de clase media. Rukapewma, como Prestadora de Servicios de Asistencia T\u00e9cnica (PSAT), colabora con [&hellip;]<\/p>\n","protected":false},"author":1,"featured_media":0,"parent":0,"menu_order":0,"comment_status":"closed","ping_status":"closed","template":"","meta":{"_monsterinsights_skip_tracking":false,"_monsterinsights_sitenote_active":false,"_monsterinsights_sitenote_note":"","_monsterinsights_sitenote_category":0,"site-sidebar-layout":"no-sidebar","site-content-layout":"page-builder","ast-site-content-layout":"full-width-container","site-content-style":"unboxed","site-sidebar-style":"unboxed","ast-global-header-display":"","ast-banner-title-visibility":"","ast-main-header-display":"","ast-hfb-above-header-display":"","ast-hfb-below-header-display":"","ast-hfb-mobile-header-display":"","site-post-title":"disabled","ast-breadcrumbs-content":"","ast-featured-img":"disabled","footer-sml-layout":"","theme-transparent-header-meta":"enabled","adv-header-id-meta":"","stick-header-meta":"","header-above-stick-meta":"","header-main-stick-meta":"","header-below-stick-meta":"","astra-migrate-meta-layouts":"set","ast-page-background-enabled":"default","ast-page-background-meta":{"desktop":{"background-color":"","background-image":"","background-repeat":"repeat","background-position":"center center","background-size":"auto","background-attachment":"scroll","background-type":"","background-media":"","overlay-type":"","overlay-color":"","overlay-gradient":""},"tablet":{"background-color":"","background-image":"","background-repeat":"repeat","background-position":"center center","background-size":"auto","background-attachment":"scroll","background-type":"","background-media":"","overlay-type":"","overlay-color":"","overlay-gradient":""},"mobile":{"background-color":"","background-image":"","background-repeat":"repeat","background-position":"center center","background-size":"auto","background-attachment":"scroll","background-type":"","background-media":"","overlay-type":"","overlay-color":"","overlay-gradient":""}},"ast-content-background-meta":{"desktop":{"background-color":"var(--ast-global-color-5)","background-image":"","background-repeat":"repeat","background-position":"center center","background-size":"auto","background-attachment":"scroll","background-type":"","background-media":"","overlay-type":"","overlay-color":"","overlay-gradient":""},"tablet":{"background-color":"var(--ast-global-color-5)","background-image":"","background-repeat":"repeat","background-position":"center center","background-size":"auto","background-attachment":"scroll","background-type":"","background-media":"","overlay-type":"","overlay-color":"","overlay-gradient":""},"mobile":{"background-color":"var(--ast-global-color-5)","background-image":"","background-repeat":"repeat","background-position":"center center","background-size":"auto","background-attachment":"scroll","background-type":"","background-media":"","overlay-type":"","overlay-color":"","overlay-gradient":""}},"footnotes":""},"class_list":["post-3653","page","type-page","status-publish","hentry"],"_links":{"self":[{"href":"https:\/\/rukapewma.cl\/EGIS\/wp-json\/wp\/v2\/pages\/3653","targetHints":{"allow":["GET"]}}],"collection":[{"href":"https:\/\/rukapewma.cl\/EGIS\/wp-json\/wp\/v2\/pages"}],"about":[{"href":"https:\/\/rukapewma.cl\/EGIS\/wp-json\/wp\/v2\/types\/page"}],"author":[{"embeddable":true,"href":"https:\/\/rukapewma.cl\/EGIS\/wp-json\/wp\/v2\/users\/1"}],"replies":[{"embeddable":true,"href":"https:\/\/rukapewma.cl\/EGIS\/wp-json\/wp\/v2\/comments?post=3653"}],"version-history":[{"count":106,"href":"https:\/\/rukapewma.cl\/EGIS\/wp-json\/wp\/v2\/pages\/3653\/revisions"}],"predecessor-version":[{"id":5089,"href":"https:\/\/rukapewma.cl\/EGIS\/wp-json\/wp\/v2\/pages\/3653\/revisions\/5089"}],"wp:attachment":[{"href":"https:\/\/rukapewma.cl\/EGIS\/wp-json\/wp\/v2\/media?parent=3653"}],"curies":[{"name":"wp","href":"https:\/\/api.w.org\/{rel}","templated":true}]}}